{"id":44,"date":"2021-12-14T11:30:49","date_gmt":"2021-12-14T10:30:49","guid":{"rendered":"http:\/\/neidanconsulting.com\/?page_id=44"},"modified":"2022-02-11T11:43:16","modified_gmt":"2022-02-11T10:43:16","slug":"solutions","status":"publish","type":"page","link":"https:\/\/neidanconsulting.com\/index.php\/solutions\/","title":{"rendered":"NOS SERVICES"},"content":{"rendered":"\n<h2 class=\"wp-block-heading\" id=\"des-solutions-formations-pour-ameliorer-votre-performance\">Des solutions formations pour am\u00e9liorer votre performance<\/h2>\n\n\n\n<p>Aujourd&rsquo;hui <strong>les commerciaux<\/strong> doivent allier une parfaite connaissance des <strong>besoins<\/strong> de leurs clients, pour entretenir des <strong>relations durables<\/strong>, avec une v\u00e9ritable efficacit\u00e9 pour <strong>conclure leurs ventes<\/strong>. Pour tous les m\u00e9tiers du commerce, ce double challenge peut g\u00e9n\u00e9rer une pression importante. <\/p>\n\n\n\n<p>Les formations <strong><mark style=\"background-color:rgba(0, 0, 0, 0)\" class=\"has-inline-color has-vivid-purple-color\">Neidan Consulting<\/mark><\/strong> permettent d\u2019y faire face en d\u00e9veloppant les comp\u00e9tences individuelles ou collectives.<\/p>\n\n\n\n<p><\/p>\n\n\n\n<p>Et parce que vos objectifs sont toujours ambitieux, <strong><mark style=\"background-color:rgba(0, 0, 0, 0)\" class=\"has-inline-color has-vivid-purple-color\">Neidan Consulting <\/mark><\/strong>est pr\u00eate \u00e0 r\u00e9pondre \u00e0 vos probl\u00e9matiques les plus complexes pour am\u00e9liorer, dans la dur\u00e9e, la mont\u00e9e en comp\u00e9tences de chacun de vos collaborateurs.<\/p>\n\n\n\n<div class=\"wp-block-image\"><figure class=\"aligncenter size-full is-resized\"><img loading=\"lazy\" decoding=\"async\" src=\"https:\/\/neidanconsulting.com\/wp-content\/uploads\/2022\/01\/video-cover2.jpg\" alt=\"\" class=\"wp-image-733\" width=\"372\" height=\"305\" srcset=\"https:\/\/neidanconsulting.com\/wp-content\/uploads\/2022\/01\/video-cover2.jpg 496w, https:\/\/neidanconsulting.com\/wp-content\/uploads\/2022\/01\/video-cover2-300x246.jpg 300w\" sizes=\"auto, (max-width: 372px) 100vw, 372px\" \/><\/figure><\/div>\n\n\n\n<p><strong><mark style=\"background-color:rgba(0, 0, 0, 0)\" class=\"has-inline-color has-vivid-purple-color\">Neidan Consulting<\/mark><\/strong> met en place pour vous et avec vous des dispositifs innovants, en pr\u00e9sentiel et en distanciel.<\/p>\n\n\n\n<p><\/p>\n\n\n\n<figure class=\"wp-block-image size-large\"><img loading=\"lazy\" decoding=\"async\" width=\"1024\" height=\"576\" src=\"https:\/\/neidanconsulting.com\/wp-content\/uploads\/2022\/02\/Diapositive7-1024x576.jpg\" alt=\"\" class=\"wp-image-915\" srcset=\"https:\/\/neidanconsulting.com\/wp-content\/uploads\/2022\/02\/Diapositive7-1024x576.jpg 1024w, https:\/\/neidanconsulting.com\/wp-content\/uploads\/2022\/02\/Diapositive7-300x169.jpg 300w, https:\/\/neidanconsulting.com\/wp-content\/uploads\/2022\/02\/Diapositive7-768x432.jpg 768w, https:\/\/neidanconsulting.com\/wp-content\/uploads\/2022\/02\/Diapositive7-500x281.jpg 500w, https:\/\/neidanconsulting.com\/wp-content\/uploads\/2022\/02\/Diapositive7-800x450.jpg 800w, https:\/\/neidanconsulting.com\/wp-content\/uploads\/2022\/02\/Diapositive7.jpg 1280w\" sizes=\"auto, (max-width: 1024px) 100vw, 1024px\" \/><\/figure>\n\n\n\n<p><\/p>\n\n\n\n<p><\/p>\n\n\n\n<p><\/p>\n\n\n\n<h2 class=\"wp-block-heading\" id=\"des-questions\">Des Questions ?<\/h2>\n\n\n\n<p>Vous souhaitez plus de d\u00e9tails avant de passer \u00e0 l\u2019action ?<\/p>\n\n\n\n<p>Trois possibilit\u00e9s de nous contacter :<\/p>\n\n\n\n<ul class=\"wp-block-list\"><li>Par t\u00e9l\u00e9phone au +33 (0)9 67 42 05 56<\/li><li>Planifier une r\u00e9union en ligne (sous MS TEAMS) en utilisant <a rel=\"noreferrer noopener\" href=\"https:\/\/outlook.office365.com\/owa\/calendar\/NeidanConsultingCalendrierdisponibilits@neidanconsultingcom.onmicrosoft.com\/bookings\/\" data-type=\"URL\" data-id=\"https:\/\/outlook.office365.com\/owa\/calendar\/NeidanConsultingCalendrierdisponibilits@neidanconsultingcom.onmicrosoft.com\/bookings\/\" target=\"_blank\"><strong><mark style=\"background-color:rgba(0, 0, 0, 0)\" class=\"has-inline-color has-vivid-purple-color\">notre outil de r\u00e9servation en ligne en cliquant ici<\/mark><\/strong><\/a> <\/li><li>A l&rsquo;aide de notre<mark style=\"background-color:rgba(0, 0, 0, 0)\" class=\"has-inline-color has-vivid-purple-color\"> notre formulaire en <a href=\"https:\/\/neidanconsulting.com\/index.php\/376-2\/\" data-type=\"URL\" data-id=\"https:\/\/neidanconsulting.com\/index.php\/376-2\/\">cliquant ici<\/a><\/mark>.<\/li><\/ul>\n","protected":false},"excerpt":{"rendered":"<p>Des solutions formations pour am\u00e9liorer votre performance Aujourd&rsquo;hui les commerciaux doivent allier une parfaite connaissance des besoins de leurs clients, [&hellip;]<\/p>\n","protected":false},"author":1,"featured_media":582,"parent":0,"menu_order":0,"comment_status":"closed","ping_status":"closed","template":"","meta":{"_vp_format_video_url":"","_vp_image_focal_point":[],"footnotes":""},"class_list":["post-44","page","type-page","status-publish","has-post-thumbnail","hentry"],"_links":{"self":[{"href":"https:\/\/neidanconsulting.com\/index.php\/wp-json\/wp\/v2\/pages\/44","targetHints":{"allow":["GET"]}}],"collection":[{"href":"https:\/\/neidanconsulting.com\/index.php\/wp-json\/wp\/v2\/pages"}],"about":[{"href":"https:\/\/neidanconsulting.com\/index.php\/wp-json\/wp\/v2\/types\/page"}],"author":[{"embeddable":true,"href":"https:\/\/neidanconsulting.com\/index.php\/wp-json\/wp\/v2\/users\/1"}],"replies":[{"embeddable":true,"href":"https:\/\/neidanconsulting.com\/index.php\/wp-json\/wp\/v2\/comments?post=44"}],"version-history":[{"count":17,"href":"https:\/\/neidanconsulting.com\/index.php\/wp-json\/wp\/v2\/pages\/44\/revisions"}],"predecessor-version":[{"id":973,"href":"https:\/\/neidanconsulting.com\/index.php\/wp-json\/wp\/v2\/pages\/44\/revisions\/973"}],"wp:featuredmedia":[{"embeddable":true,"href":"https:\/\/neidanconsulting.com\/index.php\/wp-json\/wp\/v2\/media\/582"}],"wp:attachment":[{"href":"https:\/\/neidanconsulting.com\/index.php\/wp-json\/wp\/v2\/media?parent=44"}],"curies":[{"name":"wp","href":"https:\/\/api.w.org\/{rel}","templated":true}]}}